- 0)). Calculate w(v).
-9
Let l(x) = x + 1. Let z be l(-3). Let j be z/(((-1)/2)/1). Let t = 8 - j. Let q(y) = y**3 - 3*y**2 - 3*y + 1. Give q(t).
5
Let k(g) = -2*g**2 - 1. Suppose -f = 5*t - 0*t - 1, t = -3*f - 11. Determine k(t).
-3
Let u(h) = h**3 - 4*h**2 - 2*h + 2. Let t(z) = -2*z**3 + 8*z**2 + 4*z - 5. Let i(k) = -3*t(k) - 5*u(k). Let q(f) = f**2 - 4*f + 4. Let n be q(4). What is i(n)?
-3
Let w(y) be the second derivative of y**3/6 - 9*y**2/2 + 3*y. Let f(g) = -1. Let d(x) = 6*f(x) - w(x). Determine d(0).
3
Suppose 5*v = -6 + 1. Let j(b) = b - 1. Let x(m) = 8*m - 6. Let o be (1 - 0) + (0 - 2). Let z(l) = o*x(l) + 6*j(l). What is z(v)?
2
Let w(f) = f**2 - 7*f + 4. Suppose 5*l = c + 21, -6*c + 2*c + 31 = 3*l. Suppose c*g + y - 33 + 10 = 0, -2*y + 1 = -g. Give w(g).
-6
Let y(o) = -5*o - 5. Let g = 0 + -8. Let x(v) = -v - 2*v + 0*v - 1 - 2. Let c(t) = g*x(t) + 5*y(t). Calculate c(3).
-4
Let z(m) be the first derivative of -m**4/2 + m**3/3 + m**2/2 - 3. Let q be z(-1). Let h(t) = t**2 - 4*t + 1. Give h(q).
-3
Let l(j) = -2*j - 1. Suppose -2*r = 5*f - 33, 0*f - 5*r + 5 = -3*f. What is l(f)?
-11
Let m(g) be the first derivative of -g**4/4 + 2*g**3 - g**2 + 3*g + 27. Calculate m(6).
-9
Let m(s) = -s + 1. Let u(y) = -6*y. Let i(d) = -m(d) - u(d). Suppose 2*x + 1 + 5 = 2*k, 3*x + 3 = 0. Let p = -1 + k. What is i(p)?
6
Suppose -10*p + p = 0. Let b(t) = -t**2 - t + 3. Give b(p).
3
Let x(f) = 3*f + 6. Suppose o = 4*o - 6. Suppose -3 = o*t - 13. Let r = t - 9. Determine x(r).
-6
Let n(y) = -y**3 - y**2 + y + 1. Let t(j) = -4*j - 1. Let u be t(-1). Suppose u*o + 10 = -4*c - 9, 3*o + 11 = 4*c. Determine n(c).
0
Let q(p) be the third derivative of -p**5/15 - p**4/12 - p**3/6 + 3*p**2. Give q(-1).
-3
Let w(u) be the second derivative of u**4/12 - u**3/2 + 3*u**2/2 + 7*u. Give w(5).
13
Let q(l) = 3*l + 2. Suppose 0 = -4*j + 2*j - 8, 3*z - 5*j - 29 = 0. Suppose -6 = z*x + 3. Calculate q(x).
-7
Let p(j) = j**3 - 11*j**2 - j + 15. Let d be p(11). Let c be (1 + 2)*(5 - d). Let f(l) = l**3 - 2*l**2 - 1. Determine f(c).
8
Suppose 2*r = -5*n + 14, r - 5*r - 5*n = -18. Let p(l) be the second derivative of l**3/2 - l**2/2 + l. Determine p(r).
5
Let c(h) = -h**2 - 3*h + 4. Let n(g) = g**2 + 5*g - 5. Let k = -4 + -2. Let b be n(k). Let d be -5 - (0 - b) - 0. Calculate c(d).
0
Let f(o) = -o**3 - 3*o**2 + o + 2. Suppose 0 = -6*w + 9*w + 9. What is f(w)?
-1
Let h(u) be the third derivative of u**6/120 - 7*u**5/60 + u**4/4 + 5*u**3/6 - 2*u**2. Determine h(6).
5
Let a(t) = -t**3 + t**2 + t + 2. Suppose 17 = -5*u + 7. Let j be (-2)/u*(2 - 4). Give a(j).
12
Suppose 4*j = 12, f - 2*f + 19 = 5*j. Let l(q) = 20 - q**3 + 7*q - 18 - f*q**2 + 8*q**2. Determine l(5).
12
Let a(z) = -3*z - 5. Let s(k) = 2*k + 4. Suppose 16 = 4*c - 0. Let x(g) = c*s(g) + 3*a(g). Give x(4).
-3
Let b(w) = -w - 2. Let s = -114 + 121. What is b(s)?
-9
Let j(o) = -2*o**2 + 2*o + 2. Let z be j(2). Suppose 5*d - 44 = 4*m - 15, 3*m + 23 = 4*d. Let k(q) = -d + 5 + 2*q. Calculate k(z).
-4
Let h(v) = v**2 + 12*v + 9. Let m(l) = -l**2 - 11*l - 8. Let f(c) = -4*h(c) - 5*m(c). Calculate f(-5).
-6
Let z(h) = h**2 + 5*h. Let r = -10 - -14. Suppose -l = 3*l + 3*b + 8, 2*l - r*b + 26 = 0. Let c be l/(-1)*4/(-5). Give z(c).
-4
Let r = 8 - 12. Let l be (-12 - 3)*r/10. Let m(o) = -o**3 + 7*o**2 - 6*o + 8. Give m(l).
8
Let o(a) = -57*a**2 + 56*a**2 - 5*a + 3*a - 3*a. Determine o(-5).
0
Suppose 0 = 6*p - 2*p + 5*x + 2, -3*p + 3*x - 15 = 0. Let g(t) = 4*t. Calculate g(p).
-12
Let v(y) = 2*y + 7. Let z be v(-5). Let a(p) = -p**2 + p - 1. What is a(z)?
-13
Let z(b) = b**2 - 2*b + 2. Suppose -3*l - 16 + 58 = 0. Suppose -l = -5*w + 1. Let y = 7 - w. Determine z(y).
10
Suppose -4*z + 134 + 34 = -5*m, -86 = 3*m + 5*z. Let f = -27 - m. Let s(u) = -u + 3. Calculate s(f).
-2
Suppose s = 5*s + 8. Let w be -1 + -1 + 3 - s. Let r(v) = 0 + v**w + v - 2*v**2 + 2 - 6*v + 2*v. Give r(3).
2
Let p(x) be the second derivative of 2*x**3/3 - x**2/2 + 2*x. Let s(o) = o**2. Let v be s(0). Let f = v - 2. Give p(f).
-9
Let f(g) = 3*g**3 - 2*g**2 - 6*g + 2. Let u(a) = -2*a**3 + 3*a**2 + 6*a - 1. Let m(p) = 3*f(p) + 4*u(p). Give m(-4).
10
Let d(a) = 2*a + 4 - a**3 - 5 + 2*a**2 + 2*a**2. What is d(4)?
7
Let y(d) be the first derivative of d**4/4 - 2*d**3 + 7*d + 16. What is y(6)?
7
Let f(l) be the third derivative of l**4/24 + 4*l**3/3 + 4*l**2. Let z(i) = -i - 5. Let s be z(-7). Let o be -8 + -2 + s + 3. What is f(o)?
3
Let c(g) = -g**3 - 2*g**2 + 5*g + 4. Let o(u) = -u**3 + 5*u**2 - 6*u + 4. Let a be o(4). Give c(a).
16
Let l(k) = -114*k - 11 + 116*k + 0. Calculate l(8).
5
Let j(u) be the first derivative of -u**5/60 + u**4/12 + u**3/3 + u**2/2 + 1. Let v(i) be the second derivative of j(i). Calculate v(3).
-1
Let y(i) = -21*i + 11. Let w(u) = 14*u - 7. Let o be -1 - ((-21)/(-3) + -3). Let c(d) = o*y(d) - 8*w(d). What is c(-1)?
8
Suppose 3*j + 2*j = 35. Let z(y) = j - 29*y + 30*y + 0. Suppose 3*u = -w + 1, -3*w - 2*w = -4*u - 5. Calculate z(u).
7
Let r = -1 + 9. Let q = r + -10. Let j(i) = -5 + i + 4 + 3. What is j(q)?
0
Let s(k) = -k**3 - 4*k**2 + k + 10. Let d(z) = z**3 + 4*z**2 - 11. Let q(f) = 4*d(f) + 5*s(f). Give q(-5).
6
Let p(f) = -f**3 + 10*f**2 - 8*f - 9. Let t be p(9). Let h be 2/(-5) + 44/10. Suppose t = 3*k + 2*d - 1, -14 = -h*k + 3*d + 10. Let g(m) = 3*m - 2. Give g(k).
7
Let l(s) = s**2 - s + 4. Let z(y) = -y. Let f be z(2). Let j(k) = 4*k**2 + 4*k + 2. Let t be j(f). Suppose -2*u + 2 = 12, 2*u = 5*p - t. Give l(p).
4
Let m(k) = k**2 + 3*k - 3. Suppose -40*u + 34*u - 30 = 0. Determine m(u).
7
Suppose 5*y + 4*i - 9 = 0, -2*i = -3*y + i + 27. Let r(b) = b - 7. Calculate r(y).
-2
Let q = 14 - 19. Let b(c) = -6 - 8*c - 1 + c**3 + 5*c**2 + 0*c**2 - c**2. What is b(q)?
8
Let o be 2/(-4)*40/4. Let v(g) = 3*g**2 - 5*g + 2. Let r(p) = -7*p**2 + 9*p - 3. Let j(d) = o*v(d) - 3*r(d). What is j(-1)?
7
Let h(d) = -2*d**3 - 5*d**2 + d - 3. Let z(n) = n**3 + n - 1. Let f = 7 + -4. Let s(m) = f*z(m) + h(m). Let t(b) = -2*b - 2. Let a be t(-3). Calculate s(a).
-6
Let g = 24 + -8. Suppose -4*l = -g - 0. Let y be l/(-12) - 10/(-3). Let q(j) = -j**3 + 3*j**2 + j - 2. Determine q(y).
1
Let d(j) = -j**3 + 4*j**2 + 3*j. Let k(x) = -x + 7. Let y be k(7). Suppose y*l - 20 = -4*l. Give d(l).
-10
Let o(a) = 2*a - 2. Let v = 33 + -36. Calculate o(v).
-8
Suppose s + 5 + 0 = 0. Let y = -1 - s. Let p(g) = -g**2 + 3*g - 1. Determine p(y).
-5
Let t(z) = 0*z + 7*z - 4*z + 3*z + 1 - z**2. What is t(6)?
1
Let u(z) = z**2 - 1. Let q be (2/3)/((-78)/351). Give u(q).
8
Let h(k) = -k**3 - 6*k**2 - 6*k + 2. Suppose 0 = -l - 3 - 2. Let i = l + 7. Let o = i - 7. Determine h(o).
7
Let j(l) be the third derivative of l**4/24 + 7*l**3/6 - l**2. Let d be j(-5). Suppose 3*r = r - d. Let c(a) = 3*a + 1. Calculate c(r).
-2
Let x(c) = c**2 + 5*c + 2. Suppose -3*h = -5*r + 9, 2*h - 3*h = 5*r + 3. Calculate x(h).
-4
Let j(k) = -4*k + 2*k - 1 - 5*k + k**2. Let p(s) = 13*s**3 - s**2 + s - 1. Let h be p(1). Let n = h + -6. Calculate j(n).
-7
Let v(o) be the first derivative of -o**5/20 + o**4/12 + o**3/6 - o - 2. Let j(s) be the first derivative of v(s). Give j(0).
0
Let q = 14 - 21. Let i be q*1/((-14)/20). Suppose 2*a = -3*a + i. Let b(u) = 3*u**2 - 2*u - 2. Give b(a).
6
Let u(b) = -2*b + 1. Suppose h - 3*w = -0 + 6, w = 5*h - 16. Let t(g) = g**2 - 7*g - 4. Let s be t(8). Let c = s - h. Give u(c).
-1
Let d(i) = -3*i + 2. Let m(n) = 4*n**2. Let t be m(-1). Suppose -u = 3*u - t. Let p = 3 - u. Determine d(p).
-4
Let o(r) = 6*r. Let p be (2/7)/((-16)/(-56)). Calculate o(p).
6
Let m = -18 + 22. Let i(c) be the third derivative of 0*c + 2*c**2 - 1/6*c**3 + 1/12*c**m + 0 - 1/60*c**5. What is i(1)?
0
Let t(a) = 2*a + 5. Let g(k) = k - 1. Let d(o) = 6*g(o) + t(o). Determine d(2).
15
Let a(j) be the third derivative of -j**4/24 - j**3/6 - 9*j**2. Calculate a(4).
-5
Let k(x) = -x**3 + x**2 + 7. Let y(h) = h**3 - 2*h**2 - 8. Let w(u) = 6*k(u) + 5*y(u). What is w(-3)?
-7
Let k(w) = -52*w + 1 + 108*w - 52*w. Determine k(1).
5
Let x(n) = -7*n - 3*n + 9*n + 1. Give x(4).
-3
Let a(v) = 3*v - 6. Suppose 4*i + 18 = 7*i. Determine a(i).
12
Let x = 14 + -14. Let j = -5 - x. Let q(w) = 7*w - w + 6 + 0*w + w**2. Calculate q(j).
1
Let u(n) be the first derivative of -n**2/2 - n - 19. Let g(q) = -q**3 - 5*q